*i. Let l = z - w. Is l prime?
False
Let k(p) = -20*p - 3. Let y(d) = -d**2 + 7*d - 17. Let f be y(4). Is k(f) composite?
False
Suppose -39 = -g - 6. Is g prime?
False
Let h be (-2)/((-64)/20 + 3). Suppose -220 = 6*p - h*p. Is 8/20*(p + 0) composite?
True
Let g = 28156 - 9505. Is g a prime number?
False
Let v be 21/49 - (-29044)/14. Suppose 5*h - 1590 = v. Is h prime?
True
Suppose -3*j = 2*t - 2168, 0 = 2*t - 6*j + 7*j - 2164. Is t a composite number?
True
Suppose -6*d + 13492 + 1382 = 0. Suppose 5*z - 3*c = 3913, -5*c = -3*z + d - 144. Is z composite?
True
Let d(y) = -y**2 + 8*y + 1. Let k be d(8). Is -87*(10/(-6))/k prime?
False
Let q = 5 + 30. Suppose -2*z - 3*z + q = 0. Suppose -1266 = -z*r + r. Is r composite?
False
Let t(w) = -9*w**2 + 6*w + 6. Let o be t(-3). Let q = 56 - o. Is q composite?
False
Let a(w) = -w**3 + 7*w**2 - 4*w - 7. Let q be a(6). Suppose 3*f - 1969 = q*t, t + f + f + 399 = 0. Let j = t - -558. Is j prime?
True
Let g = -8 + -4. Let u be g/(-48) + 2585/(-4). Is (u/6)/(4/(-12)) a composite number?
True
Let j(h) = -h**2 + 12*h + 4. Let k be j(12). Suppose 9 = 4*f - 4*l - 3, k*f - 5*l - 17 = 0. Is 18/12 + (-991)/f prime?
False
Suppose 3*h + h = -r + 38, 3*r - 6 = 0. Is h/(-24) + (-513)/(-24) a composite number?
True
Suppose 4*y - 168899 = -5*j - 25954, y = -2*j + 57175. Is j a prime number?
False
Let y(j) = 3*j**3 + 99*j**2 - 39*j + 74. Is y(-33) a composite number?
False
Let g = 341 - -1196. Is g a prime number?
False
Suppose -10*q - 7*q = -131801. Is q a prime number?
True
Suppose 5*r + 2988 = w, -r + 4*r - 15052 = -5*w. Let n = w + -1841. Is n prime?
False
Suppose -5*k + 3*o - 5*o = -943, 3*k - 541 = 5*o. Suppose 3*q - k = 2*q. Is q a prime number?
False
Suppose -6*u + 8*u - 108 = 0. Suppose u = -2*z + 3*z + i, 0 = 5*z + 2*i - 285. Is z a prime number?
True
Suppose 4*i + 482*o - 134488 = 478*o, o = 0. Is i composite?
True
Let v be 54/((-14)/(-8) - 1). Suppose -4*o + 14*o = 1990. Let r = o - v. Is r a composite number?
False
Let x be (-2 - 1)*(-52)/3. Let z be (-9)/(-6)*(-360)/(-18). Let g = x - z. Is g a composite number?
True
Suppose -582 = 3*y - 6*y. Is (y/(-5))/((-6)/15) prime?
True
Let f(l) = 1298*l + 28. Let m be f(7). Let c = m - 5845. Is c a composite number?
True
Suppose 0 = h + 4*b - 2 + 12, -h = 5*b + 13. Is (-335 + (2 - 1))/(h/(-11)) composite?
True
Let p = 9379 - -1284. Is p a composite number?
False
Let j be (0 + 9111)/((-11)/(-2) - 4). Let o = -4333 + j. Is o composite?
False
Is 1*1/7 - (-4423672)/238 a composite number?
False
Suppose 0*p = -5*p + 10. Suppose -2 = -2*w + p. Suppose 0 = w*h + 2*h - 580. Is h a prime number?
False
Let d(w) be the third derivative of -53*w**4/12 + w**3/2 - 39*w**2. Is d(-7) composite?
True
Suppose -5679 = -6*c - 3*c. Is c composite?
False
Suppose 7*d - 2*d = -4*g + 14, 5 = d + 3*g. Let o(t) = -1 - 2 + 38*t**d + 4 - 4*t + 6*t. Is o(-1) a prime number?
True
Suppose 5*z + h + 2145 = -17682, -z - h = 3967. Let r = -1594 - z. Is r composite?
False
Suppose 2*o + 5*n - 96127 = 0, 23*o - 25*o + 5*n = -96157. Is o a composite number?
True
Suppose -4*u - 4*w = -12080, 2*u - 7*u = -5*w - 15090. Is u composite?
False
Suppose -69*k = -64*k + 3105. Let h = k - -1268. Is h composite?
False
Suppose 2*c = -m - 12, 5*c + 30 = -m + 3. Is 12415/78 + m/12 a prime number?
False
Is (371364/9)/(-2)*60/(-40) composite?
True
Suppose -1823 = -l + 2594. Is l a prime number?
False
Suppose 0*f + 3*f = -192. Let y(d) = -d**3 + 16*d**2 + 16*d - 10. Let c be y(17). Let l = c - f. Is l a prime number?
True
Let x = -5 + 7. Suppose 0 = x*l - 5 - 1. Suppose -339 - 49 = -l*w + 5*r, 5*w - 660 = -5*r. Is w composite?
False
Is 18/(-567)*-7 + 297676/36 a composite number?
False
Suppose c = 4*n, 2*c + 6*n = n. Let g(d) = d**3 + 5*d**2 - 8*d - 9. Let f be g(-6). Suppose 3*v - f*o - 771 = c, 4*o = -v + 4*v - 769. Is v a composite number?
True
Let a(g) = -33*g - 1. Let l be a(6). Let m = 39 + l. Let p = m - -309. Is p a composite number?
False
Suppose -5*v = -v + 2*r - 117372, 5*r = -5*v + 146715. Is v prime?
False
Let w(g) = g**2 - 32*g + 36. Let j be w(31). Suppose 667 = 2*x + j. Is x composite?
False
Suppose -5*c + 2*c + 12 = 0. Is c/3 - (-12)/((-72)/(-11830)) a composite number?
False
Suppose -8 = -2*x - 4. Suppose -5*q - 2867 = -3*i + 11482, -x*q - 19132 = -4*i. Is i composite?
False
Let o(q) = -q**3 + 14*q**2 + 30*q + 22. Let g be o(16). Let w(y) = -y**3 - 9*y**2 - 11*y + 11. Is w(g) a prime number?
False
Let w(f) = -f**3 - 12*f**2 + 13*f + 3. Let o be w(-13). Suppose -1 = -2*x + o. Suppose -x*h + 2*l = 6*l - 22, l = -2*h + 10. Is h a composite number?
False
Suppose 4 = -g - 3*d, 5*g + 3*d + 1 = 5. Suppose a - 5*q + 42 = 0, -a + 0*a - g*q - 42 = 0. Is (2 - a) + (-14)/(-7) prime?
False
Let b(k) = -k**3 + 31*k**2 + 18*k - 63. Is b(23) composite?
False
Let h be (-2 + 6 - 2) + 10833. Let c be (h/10)/(3/6). Suppose -3*b + c = -632. Is b a composite number?
True
Suppose 2*k - 2*q = 7*k - 25975, -4*k + 20803 = -3*q. Is k prime?
True
Let h = -24 - -21. Let o(k) be the first derivative of 64*k**3/3 - 5*k**2/2 - 4*k - 2. Is o(h) composite?
False
Is 3 + 2 + 1 - -35143 composite?
False
Let x(q) = -1497*q + 145. Is x(-6) composite?
False
Suppose 2*d - 10 = 6. Suppose -5*t + d = -4*f - 0*t, -3*f = -t + 6. Is (f - -7) + -3 + 91 a prime number?
False
Suppose 0 = -4*g + v + 40120, 7*v + 20 = 2*v. Is g a prime number?
False
Suppose 3*y - y - 5*h = 17, -2*h = -3*y + 31. Let q be (0 - -934)/(y/11). Suppose 2216 + q = 5*m - 5*u, 2*u = 5*m - 3153. Is m composite?
False
Let r(s) = -2*s - 5. Let a be r(-5). Suppose -8*o = -1260 - 3364. Suppose 17 = a*w - o. Is w composite?
True
Let c(p) be the first derivative of p**4/4 - 11*p**3/3 - p**2/2 - 17*p - 10. Is c(12) a composite number?
True
Suppose d + 8365 = 35898. Is d composite?
True
Let n = 23168 + 39683. Is n prime?
True
Is ((-721220)/16)/((-140)/112) a composite number?
False
Let l(f) = 2*f**2 + 2*f + 20. Let x be l(11). Let g = x + 413. Is g prime?
False
Let y be -3 - 0 - (-2 - -1). Let o be (1 + y + 6)*1. Is 6/(-30) + 276/o composite?
True
Let z = -929 + 4422. Is z a composite number?
True
Let g(b) = b + 1. Let q be g(1). Suppose -5*n + 16 = -2*f, -3*n + 3*f = q*f - 9. Suppose 0 = n*s - s - 149. Is s prime?
True
Suppose -6*g + 12122 = -31576. Is g a prime number?
True
Let a be 1/((-2)/(2 - 4)). Let c be (-3)/((-2)/(3 - a)). Suppose -4*r - q + 185 = -78, c*r + 5*q = 176. Is r composite?
False
Is (-47 - -25)*(-89)/2 prime?
False
Let z(o) = 12*o**2 + 9*o - 10. Let t be z(5). Let u = t + -144. Is u composite?
False
Suppose 4 + 4 = 2*p. Suppose 2967 = p*r + 407. Suppose -7*a + 2*a = 5*t - r, -3*t = -a - 396. Is t composite?
False
Let q = 11642 + -8091. Is q prime?
False
Let q(w) = 2*w**2 - 4*w - 7. Let l(j) = -j**3 + 3*j**2 + j - 3. Let a be l(3). Let p = 5 + a. Is q(p) a prime number?
True
Let y = 4 + -5. Let v = y + -1. Let i = v - -5. Is i a prime number?
True
Let o = 6173 + -1462. Is o a composite number?
True
Suppose -10 = -10*q - 0*q. Is 0 + 112/(2/q) + -3 prime?
True
Is 765451/284*(3 - -1) a composite number?
False
Let h = -1248 - -2111. Is h a composite number?
False
Let w = 73 - 70. Suppose 2*t + 10945 = w*y, 4*y - 5*y - 2*t = -3643. Is y composite?
True
Suppose 0 = 5*u + 25, 2*t + 3*u + 19 = -0*u. Let s be t/5 - (-64)/10. Is 760/25 + s/10 a composite number?
False
Let y = 0 + 2. Let p(l) = l + 7. Let v be p(-4). Suppose -x - y*f = -f - 81, -v*f - 310 = -4*x. Is x a composite number?
False
Is (-390417)/(-15) + (156/(-15))/13 composite?
True
Let b = 176 - -239. Suppose 3*x - 731 = b. Is x a composite number?
True
Is 17/34*(-3 + 1) - -70974 prime?
False
Suppose b = 4*j - 9813, 12*b + 4911 = 2*j + 7*b. Is j prime?
False
Suppose 2*l = -3*l + 20. Suppose -4*h = -0*h + t - 3208, -4*h - l*t = -3196. Is h prime?
False
Suppose -10*t - 7488 = -3*r - 11*t, r - t - 2500 = 0. Is r prime?
False
Suppose 3*w + a = -114 + 12, w - a + 30 = 0. Is (22/w)/((-2)/6459) a composite number?
False
Suppose -r = 1, -4*r = -f - 4 - 96. Let q be (f/(-10))/(5/475). Suppose q = 3*u + 5*i, -146 = -2*u - 5*i + 511. Is u composite?
False
Suppose 0 = -f - 19 + 341. Let c = f + -163. Is c a composite number?
True
Suppose -19780 = 35*s - 55*s. Is s composite?
True
Let r = 2 + 2. Suppose 0*k + r*k = 6940. Is k a co